 11, 19, 53, 61
What are the prime factors of 1895896256?
2, 23, 1287973
What are the prime factors of 1460191265?
5, 13, 499, 3463
List the prime factors of 30149006.
2, 37, 61, 6679
What are the prime factors of 58598998?
2, 71, 73, 5653
What are the prime factors of 726347714?
2, 363173857
What are the prime factors of 51446205?
3, 5, 19, 31, 647
What are the prime factors of 324482158?
2, 7, 11, 13, 162079
List the prime factors of 268822615.
5, 17, 3162619
List the prime factors of 399608545.
5, 7, 17, 29, 23159
What are the prime factors of 1337751662?
2, 13, 51451987
What are the prime factors of 2383904264?
2, 7, 2819, 15101
What are the prime factors of 4481803086?
2, 3, 29, 25757489
What are the prime factors of 48881708?
2, 12220427
What are the prime factors of 224098714?
2, 7, 37, 43, 10061
What are the prime factors of 8547139?
233, 36683
List the prime factors of 1097051201.
137, 8007673
List the prime factors of 41833814.
2, 11, 172867
What are the prime factors of 22162081?
1567, 14143
What are the prime factors of 127433751?
3, 17, 2498701
What are the prime factors of 230553223?
230553223
What are the prime factors of 62137996?
2, 23, 675413
What are the prime factors of 104838701?
11, 9530791
What are the prime factors of 3076806984?
2, 3, 128200291
List the prime factors of 229556734.
2, 11, 953, 10949
List the prime factors of 4893241201.
43, 113796307
List the prime factors of 245973448.
2, 7, 4392383
What are the prime factors of 7813295667?
3, 41, 7058081
List the prime factors of 159784096.
2, 257, 19429
List the prime factors of 346025953.
7, 13, 3802483
What are the prime factors of 13832724?
2, 3, 139, 8293
List the prime factors of 109179836.
2, 1033, 26423
List the prime factors of 844177805.
5, 79, 2137159
List the prime factors of 1187513995.
5, 73, 3253463
List the prime factors of 921599723.
11, 1951, 42943
List the prime factors of 198736117.
1613, 123209
What are the prime factors of 17810752?
2, 19, 97, 151
What are the prime factors of 53576625?
3, 5, 142871
What are the prime factors of 131570441?
631, 208511
What are the prime factors of 32935953?
3, 17, 645803
What are the prime factors of 6859767408?
2, 3, 13, 10993217
What are the prime factors of 7422348254?
2, 631, 5881417
What are the prime factors of 901308172?
2, 269, 797, 1051
List the prime factors of 920387293.
7, 17, 7734347
What are the prime factors of 122310292?
2, 13, 251, 9371
List the prime factors of 213906251.
13, 53, 310459
What are the prime factors of 46929639?
3, 17, 19, 2549
List the prime factors of 26984884.
2, 397, 16993
What are the prime factors of 138662914?
2, 13, 17, 313717
What are the prime factors of 2166389069?
13, 166645313
List the prime factors of 5617257296.
2, 7, 1901, 3769
List the prime factors of 1258483688.
2, 7, 11, 31, 59, 1117
List the prime factors of 145135177.
11, 3257, 4051
List the prime factors of 82267717.
7, 419, 4007
What are the prime factors of 183498435?
3, 5, 71, 79, 727
List the prime factors of 131661546.
2, 3, 61, 359731
What are the prime factors of 451049216?
2, 1761911
List the prime factors of 571874950.
2, 5, 883, 12953
What are the prime factors of 95350643?
113, 843811
List the prime factors of 62159639.
23, 43, 62851
What are the prime factors of 294789851?
294789851
List the prime factors of 1903866193.
17, 23, 4869223
List the prime factors of 109903169.
109903169
What are the prime factors of 69169619?
69169619
List the prime factors of 1651307896.
2, 7, 1249, 23609
List the prime factors of 2480602218.
2, 3, 101, 4093403
What are the prime factors of 143661122?
2, 11, 593641
List the prime factors of 2876261244.
2, 3, 193, 971, 1279
What are the prime factors of 72378721?
101, 716621
What are the prime factors of 102305149?
331, 309079
List the prime factors of 118467801.
3, 13163089
List the prime factors of 1879648924.
2, 8059, 58309
List the prime factors of 48880762.
2, 7, 463, 7541
What are the prime factors of 559753768?
2, 7, 59, 191, 887
What are the prime factors of 158445968?
2, 9902873
What are the prime factors of 719743012?
2, 179935753
List the prime factors of 26741040.
2, 3, 5, 67, 1663
List the prime factors of 1194379395.
3, 5, 11, 43, 71, 2371
List the prime factors of 8682399.
3, 11, 87701
List the prime factors of 147896168.
2, 7, 457, 5779
List the prime factors of 208578.
2, 3, 34763
What are the prime factors of 153233607?
3, 51077869
List the prime factors of 4832964571.
4832964571
List the prime factors of 47728662.
2, 3, 7954777
List the prime factors of 192276102.
2, 3, 32046017
List the prime factors of 5122317396.
2, 3, 7, 17, 23, 263, 593
List the prime factors of 1212793647.
3, 13, 53, 586741
List the prime factors of 4326997587.
3, 11, 1321, 99259
List the prime factors of 93608968.
2, 281, 41641
What are the prime factors of 116724033?
3, 821, 15797
List the prime factors of 4263691376.
2, 7, 38068673
What are the prime factors of 198891434?
2, 7, 14206531
List the prime factors of 84879984.
2, 3, 7, 29, 31, 281
List the prime factors of 87865890.
2, 3, 5, 7, 281, 1489
What are the prime factors of 2514402945?
3, 5, 47, 53, 7477
List the prime factors of 218923258.
2, 3607, 30347
What are the prime factors of 1754154033?
3, 193, 487, 6221
List the prime factors of 1092432377.
59, 18515803
What are the prime factors of 7268053322?
2, 3634026661
List the prime factors of 112424039.
7, 13, 29, 113
List the prime factors of 96465185.
5, 19, 1015423
List the prime factors of 238167065.
5, 47633413
What are the prime factors of 3691269570?
2, 3, 5, 1949, 63131
What are the prime factors of 1531940439?
3, 137, 1109, 3361
List the prime factors of 23022246.
2, 3, 13, 53, 5569
What are the prime factors of 949993915?
5, 13, 17, 31, 27733
List the prime factors of 936022092.
2, 3, 78001841
List the prime factors of 87864683.
19, 4624457
What are the prime factors of 47899852?
2, 7, 11, 13, 1709
What are the prime factors of 26326281?
3, 2111, 4157
What are the prime factors of 36968530?
2, 5, 3696853
What are the prime factors of 73301416?
2, 17, 157, 3433
List the prime factors of 14593310.
2, 5, 17, 85843
List the prime factors of 225038739.
3, 23, 97, 33623
What are the prime factors of 227635243?
11, 73, 25771
What are the prime factors of 722619348?
2, 3, 11, 97, 56437
What are the prime factors of 59420913?
3, 29, 197, 3467
What are the prime factors of 329023926?
2, 3, 7, 11, 3083
What are the prime factors of 513546169?
331, 1551499
List the prime factors of 9985412.
2, 19, 37, 53, 67
List the prime factors of 551398275.
3, 5, 67, 79, 463
What are the prime factors of 13693300?
2, 5, 19, 7207
What are the prime factors of 88267873?
109, 809797
List the prime factors of 133758633.
3, 44586211
List the prime factors of 2906557935.
3, 5, 193770529
What are the prime factors of 490764110?
2, 5, 19, 23, 112303
List the prime factors of 1282274308.
2, 7, 45795511
What are the prime factors of 459366786?
2, 3, 29, 101, 8713
List the prime factors of 110271872.
2, 861499
What are the prime factors of 113294034?
2, 3, 7, 899159
List the prime factors of 2609208794.
2, 3761, 346877
What are the prime factors of 17074183?
7, 1021, 2389
List the prime factors of 32468266.
2, 17, 109, 8761
What are the prime factors of 293283192?
2, 3, 601, 20333
What are the prime factors of 222460875?
3, 5, 7, 13, 41, 53
List the prime factors of 15444177.
3, 7, 17, 43261
What are the prime factors of 2624364576?
2, 3, 127, 23917
List the prime factors of 103075831.
29, 53, 199, 337
List the prime factors of 160130463.
3, 17, 3139813
List the prime factors of 2544841386.
2, 3, 141380077
List the prime factors of 65111009.
37, 199, 239
What are the prime factors of 2075556563?
35201, 58963
What are the prime factors of 1467961957?
7, 11, 821, 2111
What are the prime factors of 8610324?
2, 3, 717527
What are the prime factors of 47646701?
1777, 26813
What are the prime factors of 832062497?
7, 19, 6256109
What are the prime factors of 34988374?
2, 53, 71, 4649
What are the prime factors of 51194032?
2, 277, 11551
List the prime factors of 161718809.
7, 593, 38959
List the prime factors of 227159074.
2, 107, 467, 2273
List the prime factors of 2803334.
2, 17, 41, 2011
Wha